c + 3*a + 209 = 2*c. Is c composite?
True
Let r(p) = 89*p**3 - p**2 - 3*p + 4. Let i be r(3). Suppose -4*z - i = -8637. Suppose -3*n = 15, 5*n = 3*u - 626 - z. Is u composite?
True
Suppose 35*w = 155*w - 2047800. Is w composite?
True
Let b(r) = -1682*r - 14301. Is b(-31) a composite number?
True
Let v = 230971 - 118070. Is v a prime number?
True
Let c(r) = -30*r**3 + 3*r**2 + 22*r - 11. Suppose i = 12 - 18. Is c(i) composite?
True
Let n = -10193 + 6610. Let o = n - -5602. Is o composite?
True
Let p(w) be the first derivative of 963*w**2 + 13*w + 61. Is p(2) a prime number?
False
Let g = -206 - -210. Is g + 2227 + -6 + 12 composite?
False
Let o = -91255 - -133064. Is o a composite number?
False
Let j = 43762 + -7379. Is j a prime number?
True
Let v(u) = -1833*u**3 + 38*u + 246. Is v(-5) prime?
True
Let n be (-16)/78*-69 - (-6)/(-39). Suppose 3*d + 275 = n*d. Is d composite?
True
Suppose -3*h = 5*s - 211, 3*h - 362 = -2*h + 2*s. Let i = h + -220. Let k = 305 + i. Is k a prime number?
True
Let q(v) = -26*v**3 - 4*v**2 - v + 2. Let d be q(1). Is (1/3 + (-584)/6)*d a composite number?
True
Suppose 4*o - 2 - 11 = -b, b + 2 = o. Suppose 3 - 22 = o*t - 4*r, t + 4*r + 1 = 0. Is (0 - 422)*t/((-40)/(-68)) a composite number?
True
Suppose -6822 = 27*s - 30*s. Suppose 0 = 5*u + 4*q - s + 503, 0 = -2*u - 3*q + 707. Is u composite?
True
Suppose q - 5*k = 5*q - 171, -2*q + 84 = 4*k. Suppose 41*r - q*r = -14163. Is r composite?
False
Let c(r) be the second derivative of -4*r**3 + 19*r**2/2 - r. Suppose 32 = -3*m - 2*i, -2*i - 16 = -6*m + 7*m. Is c(m) composite?
False
Let f = -64 + 67. Suppose o - 3261 = f*s, -3*s - 5*o - 1071 = -2*s. Let b = s - -1973. Is b a composite number?
False
Suppose 295 = 3*o + 2*o. Suppose 7 - o = -m. Let x = m + 367. Is x a prime number?
True
Let a(b) = 2*b**3 + 3*b**2 - 20*b + 143386. Is a(0) a prime number?
False
Let f(q) = -q**2 - 10*q - 68. Let a be f(20). Let u = 8843 - a. Is u composite?
False
Suppose 53*g - 269732 = 118483 + 131344. Is g a composite number?
False
Suppose -6*l + 3707476 = -2961112 - 1319320. Is l prime?
False
Let b = 181 + -190. Is (10/b)/5 - (-42833)/9 prime?
True
Is (1 - -380713)*548/1096 a prime number?
True
Suppose 2*b + 4 = -4*m - 38, 2*m = -2*b - 36. Let o be 10/(-5)*(-5 + -21). Let n = b + o. Is n composite?
False
Let j(g) = -g**3 + 16*g**2 - g + 19. Let u be j(16). Let a(w) = -4*w**3 - 4*w**2 - 10*w - 6. Let q be a(-6). Suppose u*d = q - 3. Is d a composite number?
False
Let o = -29 + 43. Let r be (482/3)/(o/21). Let a = -84 + r. Is a a prime number?
True
Let w = 633 - 633. Suppose w = -466*t + 465*t + 10903. Is t composite?
False
Let a(y) be the second derivative of 0 - 2*y**2 + 200/3*y**4 + y**3 + 14*y. Is a(1) a prime number?
False
Let g(d) = -5*d**3 + 10*d**2 - 9*d + 2. Let m be g(-5). Let x = 229 - m. Is x/(-12) + 2/8 a composite number?
True
Is 2*5/(-10)*(-3)/(6/96854) composite?
True
Let o be 1/3 + 110/30. Suppose 0*c = -5*c + i + 7838, -o*i = 5*c - 7823. Is c a prime number?
True
Suppose -138 + 36 = -34*a. Suppose a*p = 8*p + f - 36633, -p + 7335 = -4*f. Is p a composite number?
True
Let y = 40 + -30. Let a be (-6730)/(-2)*(4/y)/1. Suppose -1336 = -b + 5*p, 4*b - 3*b - 3*p = a. Is b composite?
False
Suppose 0 = -42*b + 539118 + 1120725 - 22389. Is b a composite number?
True
Suppose 5*u - 9 = -4. Let t(h) = -h - 16*h**2 - 10*h**2 + 25*h**2 + 1 + 134*h**3. Is t(u) prime?
False
Let d = -189800 - -718693. Is d a composite number?
True
Suppose -5*c = 5*o - 2022035, 2*c + 702*o - 703*o = 808826. Is c composite?
True
Is 7 + 3 - (-134147)/17 prime?
True
Suppose 4*r - 4899848 = -4*c, -86*r - 4899893 = -90*r + 5*c. Is r a composite number?
False
Let k be (-13 - -9)/((-4)/6). Let o be 105/14*1*(-124)/k. Let h = 246 + o. Is h prime?
False
Let t(h) = 1. Let f(j) = 2213*j**2 - 5*j + 6. Let d(q) = f(q) - 5*t(q). Is d(-1) a composite number?
True
Let c be (3/9)/((-1)/(-6)). Let a(f) = f**2 + 15*f + 56. Let o be a(-8). Suppose -2142 = -c*x - o*m + 4*m, 0 = 4*x - m - 4291. Is x a prime number?
False
Let g(h) = h**2 + 13*h + 13. Let q be g(-5). Let z(y) = 3*y + 84. Let v be z(q). Suppose -d + 2893 = 3*t - v*d, 8 = 2*d. Is t prime?
True
Suppose -5*g = 5*b - 35, 2*g + 3*b = 9 + 7. Suppose 2*f = -5*j - g - 9, -4*j - 4*f = 4. Let n(t) = -169*t - 21. Is n(j) prime?
False
Is (-2)/4*((-286672)/18 - 36/(-162)) a prime number?
True
Let l(s) = -s**2 - s - 1. Let d(w) = -3*w**2 + 6*w - 8. Let z(c) = d(c) - 4*l(c). Let m be z(-9). Is (-13)/(m/132) - 5 a composite number?
False
Let w be 3/2*(-22)/1. Let t(d) = -d**3 - 27*d**2 - 12*d + 103. Is t(w) a prime number?
False
Suppose 23 + 10 = 3*w. Let o(b) = -b**2 + 12*b - 5. Let k be o(w). Suppose -1069 - 77 = -k*m. Is m composite?
False
Suppose 44*b = 51*b. Is (15 - 21 - (-3 - b)) + 2158 a composite number?
True
Let d = 1881 - 615. Suppose k + 245 = -5*m + d, -m = -5*k - 225. Suppose -5*t = 0, -3*t - 64 - m = -p. Is p composite?
False
Let j(u) = -u - 7. Let n be j(-15). Let o = -12 + n. Is (-3258)/(-9)*(-1)/(o/14) a composite number?
True
Let v be ((-12)/8)/(1/5)*2. Let d(c) = -2*c**3 - 2*c**2 + 26*c + 25. Is d(v) composite?
True
Let t = -72861 + -805. Is t/(-6) + 4 - 2/3 composite?
False
Let a(l) = -8*l - 10876*l**2 + 10920*l**2 + 0*l - 5. Is a(6) a prime number?
True
Let p(m) = m**3 + 5*m**2 + 2*m - 1. Let y be p(-4). Suppose 0 = -10*j + y*j + 9387. Suppose -t = 6*t - j. Is t a composite number?
True
Suppose 0 = -2*w - 3*n - 17 + 54, -4*n - 47 = -3*w. Suppose u = w - 12. Suppose -k - 8283 = -u*p, -5*p + 0*k - 2*k = -8289. Is p composite?
False
Let s = 3267 - 2063. Suppose 0 = 3*m - 3 - 9. Suppose -s = -0*z - m*z. Is z a composite number?
True
Suppose t - 1 = 3*p, -5*t - 4*p - 57 + 5 = 0. Is 37965/12 - (-6)/t prime?
True
Let l(s) = 132343*s**2 + 13*s + 1. Is l(-1) prime?
True
Let h be 4*(-4)/(-3)*(20 - 17). Suppose h = 4*j - 0. Is j/26 - 12015/(-65) composite?
True
Suppose 5*k = -d + 114, -17*d = 4*k - 19*d - 94. Let x = 1025 + 840. Suppose -28*y + x = -k*y. Is y a composite number?
False
Let v be ((-1045)/(-15))/((-1)/(-3)). Suppose -v*z = -215*z + 28986. Is z prime?
True
Let w(a) = -407*a + 11. Suppose 4*g + 3*l = 80, 2*l + 60 = g + 2*g. Suppose 15*s - g*s = 30. Is w(s) a composite number?
True
Suppose 5620 - 1840 = -12*f. Let u = f - -482. Is u composite?
False
Is ((-56)/84)/((-28)/76923042) prime?
False
Suppose -5*y + 8352 + 9809 = 4*i, 0 = -5*i + 20. Is y a prime number?
False
Let m = -5747 + 14042. Let x be m/12 - 6/24. Let j = -246 + x. Is j composite?
True
Suppose -5*m + 50 = 25. Suppose 4*z + 62 = 3*c, m*c - 15*z + 16*z = 111. Is c a prime number?
False
Let t(d) = d**3 - 14*d**2 + 4*d. Let k(s) = s**3 - 15*s**2 + 5*s + 1. Let w(v) = 4*k(v) - 5*t(v). Let l be w(10). Suppose 385 = h - l. Is h a composite number?
False
Suppose 30 = 5*u + 2*g, -4*g = -3*u + 1 - 9. Let o = 9100 + -474. Is (10/u)/(19/o) a composite number?
True
Let d(m) = -9*m + 5892. Is d(-55) composite?
True
Suppose 0 = -2*y - 3*q + 4063 + 5086, -q = -2*y + 9129. Is y a composite number?
False
Suppose x = -4*x + 4*m + 46, 3*m - 43 = -4*x. Suppose 5*i = 7*i - x. Suppose 10 = s - 6*s, 0 = i*u + 4*s - 5222. Is u composite?
True
Let u(c) be the second derivative of 3*c**5/20 + 5*c**4/12 + c**3/3 - c**2/2 - 19*c. Is u(9) a prime number?
True
Let m = -1175897 - -2609100. Is m prime?
True
Is -18*4/8 + 53978 composite?
True
Let c(w) = -33855*w - 5641. Is c(-14) composite?
True
Let a = 263 + -387. Suppose 1105 = -2*u - 3*u. Let p = a - u. Is p composite?
False
Let m(r) = 1086*r + 4493. Is m(122) prime?
False
Suppose 297*v - 130*v = -306*v + 109177387. Is v a prime number?
True
Let x(z) = 12250*z**2 - 42*z - 5. Let u be x(6). Suppose 28*a = 9*a + u. Is a a composite number?
False
Let v = 1223 - 841. Suppose 16*m - 14*m = v. Is m prime?
True
Suppose 4*q - 3*d - 174 = 0, 4*d + 176 = 4*q - 0*d. Is (-7)/q + 80769/18 a prime number?
False
Is (837675/119 + 8/(-28))*11 a prime number?
False
Suppose -3*l = 5*y - 219596, l - 9*y = -10*y + 73202. Is l a prime number?
False
Let g = 468 + -254. Let l be ((-212)/3)/(2/(-24)). Suppose -l = -2*u - g. Is u composite?
False
Let w(d) = 2*d**2 + d - 11. Let o be w(-5). Let g be (o/5)/2 + 16/(-40). Suppose -p = 2*t - 137, -p - 2*p + g*t = -429. Is p composite?
True
Let b be 6 + 298 